{"id":89,"date":"2011-10-04T15:47:53","date_gmt":"2011-10-04T15:47:53","guid":{"rendered":"http:\/\/www.nordic-dogs.ch\/?page_id=89"},"modified":"2019-09-23T11:11:30","modified_gmt":"2019-09-23T10:11:30","slug":"das-silbergeschirr-der-alte-musher","status":"publish","type":"page","link":"https:\/\/www.uss-rattler.ch\/nordic-dogs\/?page_id=89","title":{"rendered":"Das Silbergeschirr (Der alte Musher)"},"content":{"rendered":"<h2><\/h2>\n<p><span style=\"font-size: 14px;\"><span style=\"font-family: verdana,geneva,sans-serif;\">Wenn man einen Regenbogen sieht, dann wissen alle Tierhalter, dass wieder geliebte Vierbeiner ihren Weg \u00fcber die Regenbogenbr\u00fccke gehen, um auf der anderen Seite frei von Leid und Pein auf ihren Zweibeiner warten, mit ihm in die Unendlichkeit zu gehen.<\/span><\/span><\/p>\n<p><span style=\"font-size: 14px;\"><span style=\"font-family: verdana,geneva,sans-serif;\">Aber \u00fcber eine spezielle Art von Vierbeinern erz\u00e4hlt man sich eine andere Geschichte, wie wahr diese Geschichte ist oder sein wird, lieber Leser, h\u00e4ngt ganz von Ihnen ab.<\/span><\/span><\/p>\n<p><span style=\"font-size: 14px;\"><span style=\"font-family: verdana,geneva,sans-serif;\">Irgendwo auf dieser Welt eingerahmt von Bergen und H\u00fcgeln stand eine einsame alte H\u00fctte. Sie hatte nur einen Raum, in dem ein einfaches Lagers, ein alter zugiger Ofen, ein wackeliger Tisch, ein Stuhl und ein kleiner Schrank Platz fanden. Ein alter Mann sa\u00df auf dem Stuhl, den er sich jetzt im strengen Winter, nahe an den Ofen ger\u00fcckt hatte. Wei\u00dfer Rauch verlie\u00df den windschiefen Schornstein, der \u00fcber ein mit Holzschindeln gedecktes Dach ragte. Zu F\u00fc\u00dfen des alten Mannes lag ein Hund, sein Fell schon altersmatt, seine Augen leicht getr\u00fcbt, aber seine Ohren bewegten sich noch wachsam und nahmen jedes leise Ger\u00e4usch auf. An der Innenseite der T\u00fcr hingen Zuggeschirre in verschiedenen Gr\u00f6\u00dfen, aber der Staub der sich darauf gelegt hatte bezeugte, dass die Geschirre schon lange nicht mehr genutzt wurden. An einer Seite der H\u00fctte, konnte man an die schneebedeckte Silhouette eines gro\u00dfen alten Schlittens erkennen. Wie schon unz\u00e4hlige N\u00e4chte zuvor, wenn der eisige Nordwestwind die Wolken vom Nachthimmel fegte und anschlie\u00dfend zur Ruhe kam, stand der alte Mann auf und h\u00fcllte seinen altersgebeugten K\u00f6rper in einen warmen wollenen Umhang. Die T\u00fcr knarrte als er hinaustrat in die frostklare Nacht und am samtenen Himmel funkelten silbern die Sterne. Der Mond, so schien es fast, hielt sein starkes Licht zur\u00fcck um die Pracht und das Glitzern der Sterne nicht zu st\u00f6ren. Mit zittriger Hand holte der alte Mann ein feines Gespinst aus seiner Hosentasche. Es war so fein und zart wie Feentuch, vielleicht war es das auch, aber vielleicht war es auch was ganz anderes. Wer wei\u00df das schon. Er nahm das feine Gespinst vorsichtig zwischen seine knochigen H\u00e4nde und hielt es weit aufgespannt den funkelnden Sternen entgegen. Leise kaum h\u00f6rbare Worte verlie\u00dfen seine Lippen und der Wald um ihn herum h\u00fcllte sich in ehrf\u00fcrchtiges Schweigen. Hauchfeiner glitzernder Staub schien aus dem Nichts auf das feine Gespinst zu rieseln und der alte Mann stand eine Weile da und fing den glitzernden Sternenstaub auf. Irgendwann lie\u00df das Rieseln nach und der alte Mann faltete das feine Gespinst vorsichtig zusammen, damit kein einziges K\u00f6rnchen des Sternenstaubes verloren ging. Der eisige Schnee knirschte \u00fcberlaut in dieser klaren Nacht unter seinen alten Stiefeln und er wusste, dies war sein letzter Gang in die Sternennacht.<\/span><\/span><\/p>\n<p><span style=\"font-size: 14px;\"><span style=\"font-family: verdana,geneva,sans-serif;\">In seiner H\u00fctte r\u00fcckte sich der alte Mann den Stuhl an den Tisch, auf dem schon sorgsam aufgereiht Werkzeug lag, ein scharfes Messer, eine Ahle, eine starke N\u00e4hnadel. Sorgsam breitete er das feine Gespinst, gef\u00fcllt mit silbernem Sternenstaub, auf dem Tisch aus und seine H\u00e4nde fingen an zu arbeiten. Mit jedem Schnitt und mit jedem Stich erz\u00e4hlte er Begebenheiten aus dem Leben des Hundes. Mit jedem Schnitt und mit jedem Stich floss ein St\u00fcckchen aus dem Leben des Hundes in das silberne Geschirr, welches unter den H\u00e4nden des alten Mannes entstand. Genauso wie schon viele Abende zuvor. Dann, kurz bevor der erste Silberstreif am \u00f6stlichen Horizont des Himmels das Funkeln der Sterne zum Erl\u00f6schen brachte, war er endlich fertig. Tr\u00e4nen netzten sein altes faltiges Gesicht und n\u00e4ssten seinen Bart, als er zufrieden sein Werk betrachtete. Traurig und gl\u00fccklich zugleich rief er mit br\u00fcchiger Stimme den Namen seines Hundes. Ein letztes Mal bog sich die Rute des Hundes zur Sichel und wedelte freudig und erwartungsfroh, ein letztes Mal streckte der Hund voller Unternehmungslust seine altersgraue Schnauze seinem letzten Geschirr entgegen, hob ein letztes Mal die eine und dann die andere Vorderpfote, damit sein Mensch, sein Musher, ihm das Geschirr \u00fcberstreifen konnte, dann legte er sich hin, ein letzter Atemzug, ein letzter Seufzer, ein letzter vertrauensvoller Blick zu seinem alten Musher, ein allerletzter Herzschlag und aus seinem K\u00f6rper l\u00f6ste sich schimmernd ein feiner Nebel mit einem glitzernden Silbergeschirr. Mit dem allerersten und jungfr\u00e4ulichen Tageslicht schwebte dieser silberner luftiger Nebel in Hundegestalt dem Himmel entgegen und wie zum letzten Gru\u00df st\u00fcrzte sich eine Sternschnuppe, einer silbernen Tr\u00e4ne gleich, der Erde entgegen\u2026<\/span><\/span><\/p>\n<p><span style=\"font-size: 14px;\"><span style=\"font-family: verdana,geneva,sans-serif;\">Das alles geschah vor sehr sehr langer Zeit und noch heute erz\u00e4hlt man sich, dass in sternschnuppenreichen N\u00e4chten an jener H\u00fctte im Wald sich ein paar W\u00f6lfe einfinden. Sie stimmen dann ihr Klagelied an, um an ihre Verwandten zu erinnern, die sich vor sehr langer Zeit dazu entschlossen dem Menschen zu treu dienen.<\/span><\/span><\/p>\n<p><span style=\"font-size: 14px;\"><span style=\"font-family: verdana,geneva,sans-serif;\">Und ich bin mir sicher, wenn man jemals diese H\u00fctte finden sollte, so wird man um sie herum die Spuren der W\u00f6lfe sehen. Und wann immer ich eine Sternschnuppe sehe, sehe ich ein Schlittenhundegespann \u00fcber den Himmel ziehen, die Sternenstaubgeschirre glitzern silbern am schwarzen Nachthimmel. Und in besonders stillen Wintern\u00e4chten, meine ich in der Ferne freudiges Gebell und das Klagelied der W\u00f6lfe zu h\u00f6ren.<\/span><\/span><\/p>\n<p><span style=\"font-size: 14px;\"><span style=\"font-family: verdana,geneva,sans-serif;\">Ezri, M\u00fcllheim 20.11.2010<\/span><\/span><\/p>\n<p><span style=\"font-family: verdana, geneva, sans-serif; color: #0000ff;\">Diese Geschichte darf nur mit Quellenangabe auf anderen Homepages ver\u00f6ffentlicht werden!<\/span><\/p>\n<p><span style=\"font-family: verdana, geneva, sans-serif; color: #0000ff;\">Ezri Maurer &#8211; www.nordic-dogs.ch<\/span><\/p>\n<p>&nbsp;<\/p>\n<p><a href=\"http:\/\/www.nordic-dogs.ch\/wp-content\/uploads\/silbergeschirr.jpg\"><img loading=\"lazy\" decoding=\"async\" class=\"aligncenter size-full wp-image-847\" src=\"http:\/\/www.nordic-dogs.ch\/wp-content\/uploads\/silbergeschirr.jpg\" alt=\"silbergeschirr\" width=\"600\" height=\"363\" srcset=\"https:\/\/www.uss-rattler.ch\/nordic-dogs\/wp-content\/uploads\/silbergeschirr.jpg 600w, https:\/\/www.uss-rattler.ch\/nordic-dogs\/wp-content\/uploads\/silbergeschirr-300x181.jpg 300w\" sizes=\"auto, (max-width: 600px) 100vw, 600px\" \/><\/a><\/p>\n","protected":false},"excerpt":{"rendered":"<p>Wenn man einen Regenbogen sieht, dann wissen alle Tierhalter, dass wieder geliebte Vierbeiner ihren Weg \u00fcber die Regenbogenbr\u00fccke gehen, um auf der anderen Seite frei von Leid und Pein auf ihren Zweibeiner warten, mit ihm in die Unendlichkeit zu gehen. &hellip; <a href=\"https:\/\/www.uss-rattler.ch\/nordic-dogs\/?page_id=89\">Weiterlesen <span class=\"meta-nav\">&rarr;<\/span><\/a><\/p>\n","protected":false},"author":1,"featured_media":0,"parent":0,"menu_order":4,"comment_status":"closed","ping_status":"closed","template":"","meta":{"footnotes":""},"class_list":["post-89","page","type-page","status-publish","hentry"],"_links":{"self":[{"href":"https:\/\/www.uss-rattler.ch\/nordic-dogs\/index.php?rest_route=\/wp\/v2\/pages\/89","targetHints":{"allow":["GET"]}}],"collection":[{"href":"https:\/\/www.uss-rattler.ch\/nordic-dogs\/index.php?rest_route=\/wp\/v2\/pages"}],"about":[{"href":"https:\/\/www.uss-rattler.ch\/nordic-dogs\/index.php?rest_route=\/wp\/v2\/types\/page"}],"author":[{"embeddable":true,"href":"https:\/\/www.uss-rattler.ch\/nordic-dogs\/index.php?rest_route=\/wp\/v2\/users\/1"}],"replies":[{"embeddable":true,"href":"https:\/\/www.uss-rattler.ch\/nordic-dogs\/index.php?rest_route=%2Fwp%2Fv2%2Fcomments&post=89"}],"version-history":[{"count":14,"href":"https:\/\/www.uss-rattler.ch\/nordic-dogs\/index.php?rest_route=\/wp\/v2\/pages\/89\/revisions"}],"predecessor-version":[{"id":1402,"href":"https:\/\/www.uss-rattler.ch\/nordic-dogs\/index.php?rest_route=\/wp\/v2\/pages\/89\/revisions\/1402"}],"wp:attachment":[{"href":"https:\/\/www.uss-rattler.ch\/nordic-dogs\/index.php?rest_route=%2Fwp%2Fv2%2Fmedia&parent=89"}],"curies":[{"name":"wp","href":"https:\/\/api.w.org\/{rel}","templated":true}]}}