{"id":15,"date":"2011-10-04T09:42:05","date_gmt":"2011-10-04T09:42:05","guid":{"rendered":"http:\/\/www.nordic-dogs.ch\/?page_id=15"},"modified":"2017-02-17T13:55:34","modified_gmt":"2017-02-17T12:55:34","slug":"pro-geschirr-kontra-halsband","status":"publish","type":"page","link":"https:\/\/www.uss-rattler.ch\/nordic-dogs\/?page_id=15","title":{"rendered":"Pro Geschirr &#8211; Kontra Halsband"},"content":{"rendered":"<p><span style=\"font-family: Verdana;\">Folgender Artikel wurde uns von Cornelia Braun Mitglied des<br \/>\n<a href=\"http:\/\/www.shs-werra-meissner.de\/\" target=\"_blank\">http:\/\/www.shs-werra-meissner.de\/<\/a> e.V. zur Verf\u00fcgung gestellt, herzlichen Dank daf\u00fcr:<\/span><\/p>\n<p><span style=\"font-family: Verdana;\"><span style=\"font-size: small;\"><strong>Warum ein Brustgeschirr und nicht ein Halsband?<\/strong><\/span><\/span><\/p>\n<p><strong>Alle Hunde der SuchHundeStaffel Werra Meissner e.V. tragen ein Brustgeschirr anstelle des allgemein \u00fcblichen Halsbandes. Die Frage nach dem &#8222;Warum&#8220; wollen wir gerne erl\u00e4utern:<\/strong><\/p>\n<p>Das Ber\u00fchren des Halses ist (auch bei uns Menschen) etwas sehr &#8222;intimes&#8220;. Nicht umsonst gibt es den Ausspruch &#8222;Bleib mir vom Hals&#8220; oder etwas &#8222;sich vom Hals halten&#8220;.<\/p>\n<p>Der Hals des Hundes ist ein sehr soziales Organ. Unter Hunden wird das Greifen des Halsbreiches dazu verwendet zu kommunizieren. Je nach Griff verschaffen sie sich Achtung und\/oder fordern gegenseitigen Respekt ein.<\/p>\n<p><em>Oberseite des Halses &#8211; Dominanzbereich<br \/>\nUnterseite des Halses &#8211; Subdominanz (Unterwerfung)<br \/>\nSeitenpartie des Halses &#8211; nur f\u00fcr gute Freunde zum Knabbern (Pflegeverhalten) erlaubt<\/em><\/p>\n<p>Wir Menschen verwenden den Ruck am Hals meistens unbedacht und als &#8222;Erziehungsma\u00dfnahme&#8220;. Der Hund kann diese Ma\u00dfnahme allerdings nicht verstehen, weil sich Hunde untereinander nicht zur &#8222;Leinenf\u00fchrigkeit&#8220; erziehen. Der Hund reagiert auf den Ruck so, wie er ihn als Hund interpretiert und nicht wie der Mensch es interpretiert haben m\u00f6chte. Tut der Ruck weh, reagiert er unter umst\u00e4nden sogar mit Fluchtverhalten, er versucht nach vorne zu entkommen und zieht erst recht. Manchmal akzeptiert er den Ruck als nichth\u00fcndisches Zeichen vom Menschen und ignoriert ihn, weil er ihn nicht interpretieren kann. Und manchmal macht ihm der Ruck Angst und er wagt nicht mehr, nach vorne zu gehen.<\/p>\n<p><span style=\"text-decoration: underline;\">Aus medizinischer Sicht<\/span>, kann ein Halsband zu Verspannungen der Hals- und Nackenmuskulatur f\u00fchren, die sich bis in die R\u00fcckenmuskulatur fortpflanzt. Wer schonmal einen verspannten Nacken oder gar R\u00fccken hatte, der wei\u00df, da\u00df das Kopfschmerzen und sogar Schwindelgef\u00fchl bedeuten kann. Dies haben mittlerweile auch klinische Studien bewiesen. Nur leider kann der Hund nicht sagen: &#8222;Heute mag ich nicht, ich hab Kopfweh.&#8220;<br \/>\nHeftige Rucke am Halsband bewirken au\u00dferdem auch Kehlkopfquetschungen und sogar der Bruch des Zungenbeines. Eine Verletzung, die man zum Beispiel bei Mordopfern durch Erw\u00fcrgen feststellen kann.<br \/>\nVor allem f\u00fcr Hunde, die an Gelenkserkrankungen (HD, Spondylose) leiden oder durch Z\u00fcchtung eine recht lange Wirbels\u00e4ule haben, ist zu empfehlen, da\u00df die Wirbels\u00e4ule unbelastet von Ruck und Druck bleibt.<\/p>\n<p><span style=\"text-decoration: underline;\">Erh\u00f6hte Verkehrssicherheit<\/span>: Am auf dem R\u00fccken liegenden Steg des Geschirres kann man den Hund aus jedem Zug aushebeln und schnell und sicher festhalten, da Hunde mit ihren Vorderpfoten die meiste Kraft auf den Boden bringen und in Zug umsetzen. Das Anheben des Vorderk\u00f6rpers des Hundes tut ihm nicht weh und verletzt ihn nicht und zugleich hat er keine Kraft mehr, weiter nach vorne zu ziehen. Auch kann man einen Hund eher aus einer Notlage heben, wenn er ein Geschirr statt eines Halsbandes tr\u00e4gt, wie schon geschrieben, das Anheben des Hundes am R\u00fcckensteg des Geschirrs tut dem Hund nicht weh und verletzt ihn nicht.<\/p>\n<p>Nachtrag aus dem Mailwechsel mit Frau Braun:<\/p>\n<p><em><span style=\"font-family: Verdana;\">Gerne d\u00fcrfen Sie auf unseren Verein verweisen, dessen Hunde mit Geschirr gef\u00fchrt werden und damit auch <strong>Begleithundepr\u00fcfungen<\/strong> ablegen, auch wenn es heute (zumindest in unserer Stadt) noch Hundeschulen gibt, die erkl\u00e4ren, dass eine Unterordnung nur mit Halsband gelaufen werden kann. Vielleicht ist solch ein Hinweis in Ihrem Forum noch hilfreich, denn die Ausbildung von Rettungshunden ist sicherlich nicht einfach und der Erfolg gibt uns Recht.<\/span><\/em><\/p>\n<p><span style=\"font-family: Verdana;\">Mein Appell an alle Hundehalter: Halsb\u00e4nder sind Schmuck und Geschirre sind Nutzgegens\u00e4nde. Ihrem Hund zur Liebe, bitte benutzen sie Geschirre f\u00fcr Gassi und Sport und das Halsband nur f\u00fcr die Hundemarke und weil es h\u00fcbsch aussieht.<\/span><\/p>\n<p>&nbsp;<\/p>\n<p>&nbsp;<\/p>\n<p><span style=\"font-family: Verdana;\"><a href=\"http:\/\/www.nordic-dogs.ch\/wp-content\/uploads\/gruen09.jpg\"><img loading=\"lazy\" decoding=\"async\" class=\"aligncenter size-full wp-image-17\" title=\"gruen09\" src=\"http:\/\/www.nordic-dogs.ch\/wp-content\/uploads\/gruen09.jpg\" alt=\"\" width=\"400\" height=\"444\" srcset=\"https:\/\/www.uss-rattler.ch\/nordic-dogs\/wp-content\/uploads\/gruen09.jpg 400w, https:\/\/www.uss-rattler.ch\/nordic-dogs\/wp-content\/uploads\/gruen09-270x300.jpg 270w\" sizes=\"auto, (max-width: 400px) 100vw, 400px\" \/><\/a><\/span><\/p>\n<p>Folgendes habe ich in der Wulfstorfer Husky-Post 28. Ausgabe &#8211; Winter 2016 gefunden<br \/>\nwww.nothilfe-polarhunde.com<img loading=\"lazy\" decoding=\"async\" class=\"aligncenter size-full wp-image-1192\" src=\"http:\/\/www.nordic-dogs.ch\/wp-content\/uploads\/halsband-augeninnendruck.jpg\" alt=\"\" width=\"889\" height=\"1500\" srcset=\"https:\/\/www.uss-rattler.ch\/nordic-dogs\/wp-content\/uploads\/halsband-augeninnendruck.jpg 889w, https:\/\/www.uss-rattler.ch\/nordic-dogs\/wp-content\/uploads\/halsband-augeninnendruck-178x300.jpg 178w, https:\/\/www.uss-rattler.ch\/nordic-dogs\/wp-content\/uploads\/halsband-augeninnendruck-768x1296.jpg 768w, https:\/\/www.uss-rattler.ch\/nordic-dogs\/wp-content\/uploads\/halsband-augeninnendruck-607x1024.jpg 607w\" sizes=\"auto, (max-width: 889px) 100vw, 889px\" \/><\/p>\n<p>&nbsp;<\/p>\n","protected":false},"excerpt":{"rendered":"<p>Folgender Artikel wurde uns von Cornelia Braun Mitglied des http:\/\/www.shs-werra-meissner.de\/ e.V. zur Verf\u00fcgung gestellt, herzlichen Dank daf\u00fcr: Warum ein Brustgeschirr und nicht ein Halsband? Alle Hunde der SuchHundeStaffel Werra Meissner e.V. tragen ein Brustgeschirr anstelle des allgemein \u00fcblichen Halsbandes. Die &hellip; <a href=\"https:\/\/www.uss-rattler.ch\/nordic-dogs\/?page_id=15\">Weiterlesen <span class=\"meta-nav\">&rarr;<\/span><\/a><\/p>\n","protected":false},"author":1,"featured_media":0,"parent":0,"menu_order":3,"comment_status":"closed","ping_status":"closed","template":"","meta":{"footnotes":""},"class_list":["post-15","page","type-page","status-publish","hentry"],"_links":{"self":[{"href":"https:\/\/www.uss-rattler.ch\/nordic-dogs\/index.php?rest_route=\/wp\/v2\/pages\/15","targetHints":{"allow":["GET"]}}],"collection":[{"href":"https:\/\/www.uss-rattler.ch\/nordic-dogs\/index.php?rest_route=\/wp\/v2\/pages"}],"about":[{"href":"https:\/\/www.uss-rattler.ch\/nordic-dogs\/index.php?rest_route=\/wp\/v2\/types\/page"}],"author":[{"embeddable":true,"href":"https:\/\/www.uss-rattler.ch\/nordic-dogs\/index.php?rest_route=\/wp\/v2\/users\/1"}],"replies":[{"embeddable":true,"href":"https:\/\/www.uss-rattler.ch\/nordic-dogs\/index.php?rest_route=%2Fwp%2Fv2%2Fcomments&post=15"}],"version-history":[{"count":5,"href":"https:\/\/www.uss-rattler.ch\/nordic-dogs\/index.php?rest_route=\/wp\/v2\/pages\/15\/revisions"}],"predecessor-version":[{"id":1194,"href":"https:\/\/www.uss-rattler.ch\/nordic-dogs\/index.php?rest_route=\/wp\/v2\/pages\/15\/revisions\/1194"}],"wp:attachment":[{"href":"https:\/\/www.uss-rattler.ch\/nordic-dogs\/index.php?rest_route=%2Fwp%2Fv2%2Fmedia&parent=15"}],"curies":[{"name":"wp","href":"https:\/\/api.w.org\/{rel}","templated":true}]}}